{"id":32,"date":"2020-12-22T21:14:38","date_gmt":"2020-12-22T21:14:38","guid":{"rendered":"https:\/\/temp.kreatives-aus-ton.at\/?page_id=32"},"modified":"2025-01-18T15:24:07","modified_gmt":"2025-01-18T15:24:07","slug":"ueber-mich","status":"publish","type":"page","link":"https:\/\/www.kreatives-aus-ton.at\/?page_id=32","title":{"rendered":"\u00dcber mich"},"content":{"rendered":"\n<p><img loading=\"lazy\" decoding=\"async\" class=\"wp-image-117 aligncenter\" src=\"https:\/\/www.kreatives-aus-ton.at\/wp-content\/uploads\/2020\/12\/kuenstlerin-2.jpg\" alt=\"\" width=\"776\" height=\"517\"><\/p>\n\n\n\n<p>Ich wurde im Innviertel, genauer gesagt in Polling im Innkreis, geboren.<\/p>\n<p>1993 f\u00fchrte mich der Beruf in den Pongau, wo ich seitdem lebe. Seit dem Jahr 2000 ist St. Veit im Pongau mein Zuhause.<\/p>\n<p>Meine Leidenschaft f\u00fcr das Arbeiten mit Ton entdeckte ich im Fr\u00fchjahr 2008 w\u00e4hrend eines Grundkurses. Schon ein Jahr sp\u00e4ter investierte ich in einen eigenen Brennofen, um meine kreativen Ideen unabh\u00e4ngig umsetzen zu k\u00f6nnen.<\/p>\n<p>Um meine Techniken stetig zu verfeinern und zu perfektionieren, nehme ich regelm\u00e4\u00dfig an Fortbildungen und Seminaren teil.<\/p>\n\n\n\n<h2 class=\"wp-block-heading\" style=\"font-size:30px\">Kurse<\/h2>\n\n\n\n<figure class=\"wp-block-table is-style-stripes\"><table class=\"has-fixed-layout\"><tbody><tr><td><strong>April 2008 Grundkurs<\/strong><br>Voithofer Irene St.Veit<br><strong>Oktober 2008 Fortgeschrittene<\/strong><br>Voithofer Irene St.Veit<br><strong>November 2010 TonArtRaku<\/strong><br>Voithofer Irene St.Veit<strong><br>M\u00e4rz 2011 TonArtRaku<\/strong><br>G\u00f6mmel Siegsdorf (D)<strong><br>J\u00e4nner 2012 Figurenformkurs<\/strong><br>G\u00f6mmel Siegsdorf (D)<strong><br>M\u00e4rz 2012 Verformen mit zweierlei Ton<\/strong><br>G\u00f6mmel Siegsdorf (D)<strong><br>November 2012 Oberfl\u00e4chengestaltung<\/strong><br>G\u00f6mmel Siegsdorf (D)<strong><br>M\u00e4rz 2013 Figurenformkurs<\/strong><br>G\u00f6mmel Siegsdorf (D)<strong><br>2014 kein Kurs &#8211; da Atelierbau<\/strong><\/td><\/tr><tr><td><\/td><\/tr><\/tbody><\/table><\/figure>\n\n\n\n<div class=\"wp-block-columns is-layout-flex wp-container-core-columns-is-layout-9d6595d7 wp-block-columns-is-layout-flex\">\n<div class=\"wp-block-column is-layout-flow wp-block-column-is-layout-flow\" style=\"flex-basis:100%\"><\/div>\n<\/div>\n\n\n\n<p><\/p>\n","protected":false},"excerpt":{"rendered":"<p>Ich wurde im Innviertel, genauer gesagt in Polling im Innkreis, geboren. 1993 f\u00fchrte mich der Beruf in den Pongau, wo ich seitdem lebe. Seit dem Jahr 2000 ist St. Veit im Pongau mein Zuhause. Meine Leidenschaft f\u00fcr das Arbeiten mit Ton entdeckte ich im Fr\u00fchjahr 2008 w\u00e4hrend eines Grundkurses. Schon ein Jahr sp\u00e4ter investierte ich in einen eigenen Brennofen, um<\/p>\n<p><a class=\"more-link\" href=\"https:\/\/www.kreatives-aus-ton.at\/?page_id=32\">Weiterlesen<\/a><\/p>\n","protected":false},"author":1,"featured_media":0,"parent":0,"menu_order":1,"comment_status":"closed","ping_status":"closed","template":"","meta":{"footnotes":""},"class_list":["post-32","page","type-page","status-publish","hentry"],"_links":{"self":[{"href":"https:\/\/www.kreatives-aus-ton.at\/index.php?rest_route=\/wp\/v2\/pages\/32","targetHints":{"allow":["GET"]}}],"collection":[{"href":"https:\/\/www.kreatives-aus-ton.at\/index.php?rest_route=\/wp\/v2\/pages"}],"about":[{"href":"https:\/\/www.kreatives-aus-ton.at\/index.php?rest_route=\/wp\/v2\/types\/page"}],"author":[{"embeddable":true,"href":"https:\/\/www.kreatives-aus-ton.at\/index.php?rest_route=\/wp\/v2\/users\/1"}],"replies":[{"embeddable":true,"href":"https:\/\/www.kreatives-aus-ton.at\/index.php?rest_route=%2Fwp%2Fv2%2Fcomments&post=32"}],"version-history":[{"count":19,"href":"https:\/\/www.kreatives-aus-ton.at\/index.php?rest_route=\/wp\/v2\/pages\/32\/revisions"}],"predecessor-version":[{"id":495,"href":"https:\/\/www.kreatives-aus-ton.at\/index.php?rest_route=\/wp\/v2\/pages\/32\/revisions\/495"}],"wp:attachment":[{"href":"https:\/\/www.kreatives-aus-ton.at\/index.php?rest_route=%2Fwp%2Fv2%2Fmedia&parent=32"}],"curies":[{"name":"wp","href":"https:\/\/api.w.org\/{rel}","templated":true}]}}